and 220796474?
1322
What is the greatest common factor of 1382381 and 198864?
1381
What is the greatest common divisor of 22 and 23927288?
22
What is the highest common divisor of 6161922 and 117?
117
What is the greatest common factor of 1356482 and 30178?
382
Calculate the greatest common factor of 618 and 62489894.
206
What is the greatest common divisor of 1114603 and 637?
49
What is the highest common factor of 3200 and 129425?
25
Calculate the greatest common factor of 464919640 and 11075.
2215
What is the highest common factor of 12656 and 12777136?
1808
Calculate the greatest common factor of 11 and 156648701.
11
Calculate the greatest common factor of 1990 and 48344264.
398
Calculate the greatest common factor of 185650329 and 376.
47
What is the highest common factor of 4967187 and 21654?
1203
Calculate the greatest common divisor of 440286 and 49556.
1906
Calculate the greatest common factor of 2415966 and 755958.
1722
What is the greatest common divisor of 4811120 and 640?
80
Calculate the highest common factor of 25473 and 1596483.
21
Calculate the highest common factor of 94 and 143396248.
94
Calculate the greatest common divisor of 1848 and 52358614.
154
Calculate the highest common divisor of 505 and 1016126458.
101
Calculate the greatest common factor of 6786864 and 784.
112
Calculate the greatest common divisor of 34027533 and 31347.
729
Calculate the highest common factor of 1113885 and 2700.
135
Calculate the greatest common factor of 64 and 11308336.
16
Calculate the highest common factor of 314895830 and 930.
310
Calculate the highest common divisor of 1006379023 and 13.
13
Calculate the highest common divisor of 35340 and 75392.
2356
What is the highest common divisor of 33 and 423621957?
33
Calculate the highest common divisor of 86369567 and 2.
1
What is the highest common divisor of 81177425 and 595?
35
Calculate the highest common divisor of 29597 and 13034867.
1741
Calculate the highest common divisor of 903179026 and 1146.
382
What is the greatest common divisor of 319 and 1585089308?
319
What is the greatest common divisor of 704159 and 3?
1
Calculate the highest common factor of 201922 and 16590.
14
What is the greatest common divisor of 638886 and 96928?
466
Calculate the highest common factor of 231 and 103895715.
231
What is the highest common divisor of 160378 and 72624?
3026
What is the highest common factor of 2573 and 319008259?
2573
Calculate the greatest common divisor of 124216813 and 2793.
931
Calculate the greatest common factor of 40421133 and 939.
939
What is the highest common divisor of 63 and 22123767?
3
Calculate the highest common divisor of 1630362 and 78.
6
What is the greatest common factor of 3998334 and 18?
6
Calculate the greatest common factor of 74 and 421572302.
74
Calculate the greatest common divisor of 51129 and 2907.
171
Calculate the greatest common factor of 2343 and 2983207.
71
Calculate the greatest common factor of 34445 and 679179621.
6889
What is the highest common divisor of 43645931 and 7?
7
What is the highest common factor of 1100 and 55191300?
100
Calculate the greatest common factor of 14478484 and 16308.
604
Calculate the greatest common factor of 3513 and 147690.
3
What is the greatest common divisor of 2214 and 1132174?
82
What is the highest common divisor of 6588 and 1593076?
244
What is the greatest common factor of 278154 and 10611?
81
What is the greatest common divisor of 298 and 564492758?
298
What is the greatest common factor of 8848 and 79635792?
1264
Calculate the highest common divisor of 41600 and 338.
26
Calculate the greatest common divisor of 115858 and 17.
1
What is the greatest common factor of 1570348 and 16146?
598
Calculate the highest common divisor of 18690 and 2985542.
14
Calculate the greatest common divisor of 160 and 14439512.
8
Calculate the greatest common factor of 1771 and 33079543.
161
Calculate the greatest common factor of 62999442 and 198.
198
Calculate the highest common factor of 2054668720 and 824.
824
Calculate the greatest common divisor of 44 and 515009022.
22
Calculate the highest common factor of 742 and 207124.
106
Calculate the highest common divisor of 32268247 and 187693.
1661
Calculate the highest common divisor of 683147313 and 2843.
2843
What is the highest common factor of 3245 and 744315?
55
Calculate the highest common factor of 126 and 2480947.
7
Calculate the highest common divisor of 6440430 and 50.
10
What is the highest common factor of 13203230 and 170?
10
What is the greatest common divisor of 1483938 and 174?
6
Calculate the greatest common factor of 193755 and 149610.
15
Calculate the greatest common divisor of 2449805 and 345.
5
What is the highest common factor of 14210587 and 254629?
2861
Calculate the highest common factor of 2195694 and 22338.
1314
Calculate the greatest common factor of 110823 and 1456599.
159
What is the highest common divisor of 79788 and 4188?
12
Calculate the greatest common divisor of 10701 and 30565623.
3567
Calculate the highest common factor of 142341140 and 60.
20
What is the highest common factor of 725 and 52470686?
29
What is the highest common divisor of 46968 and 32014254?
618
Calculate the highest common factor of 71601 and 87261.
87
Calculate the highest common factor of 19 and 2157890059.
19
Calculate the greatest common divisor of 5125953 and 7531.
443
What is the highest common factor of 7112 and 67439032?
1016
What is the highest common factor of 278626770 and 85?
85
Calculate the greatest common factor of 73500 and 183250.
250
Calculate the highest common factor of 1573628 and 3142028.
5228
What is the highest common divisor of 3224288 and 16864?
544
What is the greatest common divisor of 5538 and 297388?
26
What is the highest common divisor of 1480 and 45310940?
740
Calculate the highest common factor of 229596971 and 23.
23
Calculate the highest common divisor of 19337134 and 142.
142
What is the highest common factor of 842128 and 39552?
1648
Calculate the greatest common factor of 6656 and 303004.
52
Calculate the greatest common factor of 93484314 and 132.
66
Calculate the highest common factor of 1247 and 1239733.
43
Calculate the greatest common divisor of 331125 and 28695.
15
Calculate the greatest common factor of 454 and 1766741.
227
Calculate the highest common factor of 122780 and 1603.
7
What is the highest common divisor of 2358904 and 7668?
284
What is the greatest common factor of 83104 and 5408?
32
What is the greatest common divisor of 37698 and 1379881?
61
What is the highest common divisor of 24327 and 111027?
51
Calculate the highest common factor of 18 and 9458163.
9
Calculate the greatest common factor of 1349659 and 741420.
1373
What is the greatest common divisor of 308919 and 513?
3
What is the greatest common divisor of 51189 and 511739?
151
Calculate the highest common divisor of 502332 and 5412.
492
What is the highest common divisor of 11577 and 468073546?
3859
What is the greatest common divisor of 3098706 and 936?
78
Calculate the greatest common divisor of 114 and 11689408.
38
Calculate the greatest common divisor of 3029090756 and 334.
334
Calculate the greatest common factor of 7712 and 36232904.
1928
Calculate the highest common divisor of 1536 and 19318080.
192
What is the greatest common divisor of 18681852 and 252?
84
Calculate the greatest common factor of 4878 and 342174627.
2439
Calculate the highest common divisor of 762385 and 158730.
2405
Calculate the greatest common divisor of 1002637 and 75531.
1481
What is the greatest common factor of 237879675 and 892?
223
What is the greatest common divisor of 9639 and 5486733?
1071
What is the greatest common divisor of 21 and 613750557?
21
Calculate the highest common divisor of 5845 and 2091341.
1169
Calculate the greatest common divisor of 4671768 and 10908.
12
Calculate the highest common factor of 10131380 and 42.
14
What is the highest common factor of 704440462 and 11?
11
What is the greatest common divisor of 89235 and 3690?
45
Calculate the highest common divisor of 34911 and 8232531.
1293
Calculate the highest common divisor of 651501 and 249003.
3411
Calculate the highest common divisor of 7547050 and 385.
35
Calculate the highest common factor of 355614 and 3